f 23105 and 9144959.
4621
What is the highest common divisor of 404292284 and 44?
44
Calculate the highest common divisor of 108 and 12087441.
27
Calculate the highest common factor of 576 and 15501528.
72
Calculate the highest common factor of 7986 and 182037966.
726
What is the highest common divisor of 111077 and 253432?
401
What is the greatest common divisor of 364240678 and 38?
38
What is the highest common divisor of 168942 and 3617794?
1522
What is the greatest common divisor of 11 and 5228883?
11
What is the highest common divisor of 119814 and 42040?
2102
What is the greatest common divisor of 7476 and 6866706?
3738
What is the greatest common factor of 1192 and 231491168?
1192
Calculate the highest common factor of 72 and 17968572.
36
What is the highest common divisor of 9 and 1547049?
3
What is the greatest common divisor of 98 and 27135962?
14
Calculate the greatest common divisor of 3751 and 393431137.
3751
Calculate the highest common factor of 2199574 and 6682.
26
What is the highest common divisor of 523 and 6450159?
523
Calculate the highest common divisor of 107 and 63376849.
107
What is the greatest common divisor of 8370299 and 2842?
203
Calculate the highest common factor of 4668 and 327948.
12
Calculate the greatest common factor of 186 and 11325354.
186
Calculate the highest common factor of 4962 and 24610693.
827
What is the highest common factor of 13617 and 769761?
801
Calculate the greatest common divisor of 495 and 3125133.
99
What is the greatest common factor of 8262408 and 22848?
2856
Calculate the greatest common factor of 87661322 and 27538.
3934
What is the greatest common factor of 264149506 and 32408?
8102
What is the highest common divisor of 88881389 and 34?
17
Calculate the highest common divisor of 1293504 and 4.
4
Calculate the highest common divisor of 36960442 and 24196.
526
What is the greatest common factor of 4906888 and 13048?
56
What is the greatest common divisor of 108893527 and 295?
59
What is the highest common divisor of 32004293 and 1256?
157
What is the highest common divisor of 3379227 and 3609?
1203
What is the greatest common divisor of 16400 and 914775?
25
Calculate the highest common divisor of 176689728 and 384.
192
Calculate the greatest common divisor of 18909 and 267.
3
Calculate the greatest common divisor of 1625429 and 5044.
1261
What is the highest common factor of 11776 and 80523?
23
Calculate the greatest common divisor of 109347230 and 7905.
2635
Calculate the greatest common divisor of 414956058 and 10524.
5262
Calculate the highest common divisor of 2300 and 65151456.
92
Calculate the greatest common divisor of 12004437 and 1284.
321
Calculate the highest common divisor of 107731573 and 6168.
257
Calculate the highest common divisor of 102 and 6803978.
34
What is the highest common factor of 4160772 and 3192?
1596
Calculate the highest common factor of 210 and 25904030.
10
Calculate the greatest common factor of 3526 and 35752.
82
Calculate the highest common divisor of 1092 and 3599596.
364
What is the highest common factor of 2109007 and 8725?
349
Calculate the greatest common divisor of 378487125 and 15.
15
Calculate the highest common factor of 522225 and 6939900.
2475
What is the highest common divisor of 16127023 and 3674?
1837
What is the greatest common divisor of 16 and 140101868?
4
Calculate the greatest common divisor of 1435 and 3293220.
35
Calculate the greatest common divisor of 1545 and 3978390.
15
Calculate the greatest common divisor of 201 and 97776651.
201
What is the greatest common factor of 3322 and 33394405?
1661
Calculate the greatest common factor of 76 and 96034778.
38
Calculate the highest common factor of 300 and 22080108.
12
Calculate the highest common factor of 7288 and 1089080.
8
Calculate the highest common divisor of 4484 and 19117534.
2242
Calculate the greatest common divisor of 2926 and 2473724.
418
What is the greatest common divisor of 3 and 5990169?
3
What is the greatest common divisor of 596164 and 5768?
412
What is the highest common divisor of 14 and 42430486?
14
Calculate the highest common divisor of 9408 and 128016.
336
What is the greatest common divisor of 3830266 and 604?
302
What is the greatest common divisor of 1052 and 16822532?
1052
What is the highest common factor of 297620 and 210565?
115
Calculate the highest common divisor of 395957401 and 7.
7
What is the highest common factor of 452508 and 1442?
14
Calculate the greatest common divisor of 1125 and 35530875.
1125
What is the greatest common factor of 372 and 70640103?
93
What is the greatest common divisor of 5748761 and 2391?
797
What is the greatest common factor of 28411212 and 24?
12
What is the highest common divisor of 36 and 66745098?
18
Calculate the greatest common divisor of 34453 and 6900331.
263
Calculate the highest common divisor of 5775936 and 2613.
201
Calculate the highest common factor of 29867878 and 102.
34
What is the highest common divisor of 142268356 and 163?
163
What is the highest common factor of 987336 and 25704?
1512
Calculate the greatest common divisor of 105720192 and 288.
288
Calculate the greatest common divisor of 4196036288 and 16.
16
Calculate the greatest common divisor of 840 and 38092740.
420
What is the greatest common divisor of 22 and 2714041?
11
Calculate the greatest common factor of 1052883 and 1287.
117
Calculate the highest common factor of 104312 and 108796.
236
What is the greatest common divisor of 1094070 and 3345?
15
What is the greatest common divisor of 17006 and 550?
22
What is the greatest common factor of 2359 and 7290995?
337
Calculate the highest common factor of 1774597 and 609.
29
What is the highest common divisor of 251074 and 282?
94
Calculate the highest common factor of 50276310 and 5355.
1785
What is the greatest common divisor of 172370 and 314710?
110
Calculate the greatest common factor of 707 and 4640950.
101
Calculate the greatest common divisor of 2702 and 9612172.
386
What is the greatest common factor of 1035841 and 427?
61
Calculate the greatest common factor of 92 and 846814.
46
What is the highest common divisor of 1393319 and 4685?
937
Calculate the highest common factor of 4168749 and 17687.
769
What is the greatest common divisor of 63 and 112923?
9
Calculate the greatest common factor of 9 and 21090141.
9
What is the greatest common divisor of 4869552 and 9?
3
What is the greatest common factor of 13891603 and 209?
209
Calculate the greatest common divisor of 54685950 and 138.
138
Calculate the highest common divisor of 3173105 and 130.
65
Calculate the greatest common divisor of 111112 and 404888.
344
What is the greatest common divisor of 29934080 and 6760?
40
Calculate the highest common divisor of 31605 and 597141.
129
Calculate the greatest common factor of 1222221 and 19536.
1221
What is the highest common factor of 25496887 and 65?
13
What is the greatest common factor of 220 and 22347985?
55
What is the greatest common divisor of 20277135 and 19440?
1215
Calculate the highest common factor of 4 and 1712666.
2
What is the highest common divisor of 3654 and 3935329?
29
What is the greatest common factor of 46387887 and 63?
21
What is the greatest common factor of 34174 and 9856?
14
Calculate the greatest common factor of 12969 and 22188518.
1441
Calculate the greatest common divisor of 6060 and 396126040.
2020
Calculate the greatest common divisor of 851258 and 8806.
34
Calculate the greatest common factor of 1665520 and 1310260.
3820
Calculate the highest common divisor of 1762285 and 392.
49
What is the greatest common factor of 8841952 and 56?
56
Calculate the highest common factor of 18 and 28775810.
2
Calculate the greatest common divisor of 3638 and 80943574.
214
Calculate the greatest common divisor of 27568602 and 7614.
846
What is the highest common divisor of 1116699928 and 8?
8
What is the highest common divisor of 237904 and 2768?
16
Calculate the highest common divisor of 9 and 3117501.
9
What is the highest common factor of 1692 and 228373?
47
Calculate the greatest common factor of 329536 and 4096.
64
Calculate the greatest common factor of 15448 and 235184214.
3862
Calculate the greatest common factor of 252486 and 32637618.
3042
What is the highest co